{"id":239,"date":"2020-07-25T15:23:34","date_gmt":"2020-07-25T15:23:34","guid":{"rendered":"http:\/\/tc-buttisholz.ch\/new\/?page_id=239"},"modified":"2026-03-07T07:46:37","modified_gmt":"2026-03-07T07:46:37","slug":"junioren-unterricht","status":"publish","type":"page","link":"http:\/\/tc-buttisholz.ch\/new\/junioren-unterricht\/","title":{"rendered":"Junioren-Unterricht"},"content":{"rendered":"\n<p><\/p>\n\n\n\n<h3 class=\"wp-block-heading\"><strong>Tennis Kids-Training<\/strong><\/h3>\n\n\n\n<p>Das Kinder- und Juniorentraining findet jeweils am Mittwochnachmittag in Gruppen von 4-5 Spieler\/innen statt. Im Sommer wird auf den Tennispl\u00e4tzen im Sportpark, im Winter in der Doppelturnhalle trainiert. Ily Mishchenko organisiert und leitet die Trainings. Ilya ist selbst\u00e4ndiger Tennislehrer und f\u00fchrt die <a href=\"https:\/\/www.mmcathletiktraining.com\/tennisschule-buttisholz\">Tennis- und Athletik-Schule MMC<\/a> mit Standort in Ruswil.<\/p>\n\n\n\n<p>Der Tennisclub Buttisholz bietet den Kindern und Jugendlichen den Tennisunterricht an der Tennis- und Athletik-Schule MMC an. Der <strong>Club subventioniert die Kids- und Juniorenangebote mit<\/strong> <strong>Fr. 150.00<\/strong>, wenn die Kinder Mitglied im Tennisclub Buttisholz sind. <a href=\"http:\/\/tc-buttisholz.ch\/new\/werde-mitglied\/\" data-type=\"link\" data-id=\"http:\/\/tc-buttisholz.ch\/new\/werde-mitglied\/\">Werde Mitglied<\/a><\/p>\n\n\n\n<p>Diese Zusammenarbeit des TCB mit der Tennis- und Athletik-Schule MMC erm\u00f6glicht es, den Tennisunterricht weiterhin in Buttisholz anbieten zu k\u00f6nnen und dies auf einem professionellen Niveau.<\/p>\n\n\n\n<p><\/p>\n\n\n\n<div class=\"wp-block-columns is-layout-flex wp-container-core-columns-is-layout-9d6595d7 wp-block-columns-is-layout-flex\">\n<div class=\"wp-block-column is-layout-flow wp-block-column-is-layout-flow\">\n<figure class=\"wp-block-image size-full\"><img loading=\"lazy\" decoding=\"async\" width=\"398\" height=\"480\" src=\"http:\/\/tc-buttisholz.ch\/new\/wp-content\/uploads\/2025\/03\/2025_Ilya-Mishchenko_web.jpg\" alt=\"\" class=\"wp-image-726\" srcset=\"http:\/\/tc-buttisholz.ch\/new\/wp-content\/uploads\/2025\/03\/2025_Ilya-Mishchenko_web.jpg 398w, http:\/\/tc-buttisholz.ch\/new\/wp-content\/uploads\/2025\/03\/2025_Ilya-Mishchenko_web-249x300.jpg 249w\" sizes=\"auto, (max-width: 398px) 100vw, 398px\" \/><\/figure>\n<\/div>\n\n\n\n<div class=\"wp-block-column is-layout-flow wp-block-column-is-layout-flow\">\n<h3 class=\"wp-block-heading\">Tennis-Trainer Ilya Mishchenko<\/h3>\n\n\n\n<p>Ilya trainiert die Juniorinnen und Junioren des Tennisclubs Buttisholz. Er hat Erfahrungen im Kinder- und im Erwachsenentraining und ist Trainer f\u00fcr den Breitensport wie auch f\u00fcr Wettkampfvorbereitung. Mehr erf\u00e4hrst du auf seiner <a href=\"https:\/\/www.mmcathletiktraining.com\/general-6\">Webseite<\/a>.<\/p>\n<\/div>\n<\/div>\n\n\n\n<p><strong><a href=\"https:\/\/www.mmcathletiktraining.com\/anmeldung-clubtraining\" data-type=\"link\" data-id=\"http:\/\/tc-buttisholz.ch\/new\/wp-content\/uploads\/2025\/03\/2025_-Ausschreibung-Sommertraining.pdf\">Anmeldung f\u00fcr das Sommertraining<\/a><\/strong><br>Das Sommertraining beinhaltet 17 Trainingswochen (kein Training w\u00e4hrend den Schulferien). Die Trainings finden auf der Tennisanlage des Tennisclubs Buttisholz statt. Bei unsicherer Wetterlage entscheidet der Tennislehrer kurzfristig das Training in die Turnhalle zu verlegt. Das Sommertraining startet nach den Sommerferien und endet vor den Herbstferien. <strong>Anmeldung bis am 13. April 2026<\/strong><\/p>\n\n\n\n<h3 class=\"wp-block-heading\"><strong>J+S Kinderkurse 6 &#8211; 10 Jahre<\/strong><\/h3>\n\n\n\n<p>Es ist ein spielerischer und mit viel Spass aufgebauter Kurs. Angestrebt wird eine polysportive, vielseitige Stunde.<\/p>\n\n\n\n<h3 class=\"wp-block-heading\"><strong>J+S Juniorenkurse 11 &#8211; 18 Jahre<\/strong><\/h3>\n\n\n\n<p>Unterricht nach Richtlinien von J+S.<\/p>\n\n\n\n<h3 class=\"wp-block-heading\">Schnuppern<\/h3>\n\n\n\n<p>M\u00f6chtest du ausprobieren ob dir Tennis Spass macht? Du kannst gerne an einem Mittwochnachmittag in einer Unterrichtsstunde mitmachen. Melde dich bei Ilya, um einen Termin zu vereinbaren: 076 739 27 84<\/p>\n\n\n\n<h3 class=\"wp-block-heading\"><strong>Auskunft<\/strong><\/h3>\n\n\n\n<p>Auskunft gibt Martina Christen: <a href=\"mailto:spielleiterin@tc-buttisholz.ch\" data-type=\"mailto\" data-id=\"mailto:spielleiterin@tc-buttisholz.ch\">spielleiterin@tc-buttisholz.ch<\/a>, 079 638 02 77<\/p>\n\n\n\n<p><\/p>\n","protected":false},"excerpt":{"rendered":"<p>Tennis Kids-Training Das Kinder- und Juniorentraining findet jeweils am Mittwochnachmittag in Gruppen von 4-5 Spieler\/innen statt. Im Sommer wird auf&hellip;<\/p>\n","protected":false},"author":1,"featured_media":0,"parent":0,"menu_order":0,"comment_status":"closed","ping_status":"closed","template":"","meta":{"_lmt_disableupdate":"no","_lmt_disable":"","footnotes":""},"class_list":["post-239","page","type-page","status-publish","hentry"],"_links":{"self":[{"href":"http:\/\/tc-buttisholz.ch\/new\/wp-json\/wp\/v2\/pages\/239","targetHints":{"allow":["GET"]}}],"collection":[{"href":"http:\/\/tc-buttisholz.ch\/new\/wp-json\/wp\/v2\/pages"}],"about":[{"href":"http:\/\/tc-buttisholz.ch\/new\/wp-json\/wp\/v2\/types\/page"}],"author":[{"embeddable":true,"href":"http:\/\/tc-buttisholz.ch\/new\/wp-json\/wp\/v2\/users\/1"}],"replies":[{"embeddable":true,"href":"http:\/\/tc-buttisholz.ch\/new\/wp-json\/wp\/v2\/comments?post=239"}],"version-history":[{"count":44,"href":"http:\/\/tc-buttisholz.ch\/new\/wp-json\/wp\/v2\/pages\/239\/revisions"}],"predecessor-version":[{"id":843,"href":"http:\/\/tc-buttisholz.ch\/new\/wp-json\/wp\/v2\/pages\/239\/revisions\/843"}],"wp:attachment":[{"href":"http:\/\/tc-buttisholz.ch\/new\/wp-json\/wp\/v2\/media?parent=239"}],"curies":[{"name":"wp","href":"https:\/\/api.w.org\/{rel}","templated":true}]}}